 452?
436
Calculate the remainder when 32925 is divided by 42.
39
What is the remainder when 2602 is divided by 860?
22
What is the remainder when 161344 is divided by 72?
64
Calculate the remainder when 2194 is divided by 269.
42
Calculate the remainder when 202859 is divided by 69.
68
Calculate the remainder when 6431 is divided by 39.
35
What is the remainder when 8579 is divided by 219?
38
What is the remainder when 74498 is divided by 291?
2
What is the remainder when 8185 is divided by 210?
205
What is the remainder when 2073 is divided by 131?
108
What is the remainder when 32392 is divided by 89?
85
What is the remainder when 300 is divided by 78?
66
What is the remainder when 41975 is divided by 295?
85
What is the remainder when 1344 is divided by 637?
70
What is the remainder when 40677 is divided by 36?
33
What is the remainder when 333643 is divided by 5?
3
What is the remainder when 598 is divided by 34?
20
What is the remainder when 96137 is divided by 90?
17
What is the remainder when 35938 is divided by 35938?
0
Calculate the remainder when 9078 is divided by 227.
225
Calculate the remainder when 6029 is divided by 1459.
193
Calculate the remainder when 2856344 is divided by 714086.
0
What is the remainder when 32785 is divided by 163?
22
Calculate the remainder when 114038 is divided by 38010.
8
What is the remainder when 730095 is divided by 282?
279
What is the remainder when 18771 is divided by 13?
12
What is the remainder when 2588 is divided by 2558?
30
Calculate the remainder when 4684 is divided by 121.
86
What is the remainder when 422089 is divided by 46?
39
Calculate the remainder when 2666 is divided by 860.
86
Calculate the remainder when 6232 is divided by 10.
2
Calculate the remainder when 13166 is divided by 60.
26
What is the remainder when 121329 is divided by 20?
9
What is the remainder when 85750 is divided by 191?
182
What is the remainder when 234661 is divided by 11?
9
What is the remainder when 21881 is divided by 23?
8
Calculate the remainder when 4426 is divided by 233.
232
Calculate the remainder when 19152 is divided by 66.
12
Calculate the remainder when 2881 is divided by 677.
173
Calculate the remainder when 14680 is divided by 212.
52
Calculate the remainder when 21414 is divided by 7006.
396
What is the remainder when 451564 is divided by 92?
28
What is the remainder when 5194 is divided by 170?
94
Calculate the remainder when 569 is divided by 93.
11
What is the remainder when 81952 is divided by 382?
204
What is the remainder when 33593 is divided by 55?
43
Calculate the remainder when 4871 is divided by 488.
479
Calculate the remainder when 6925 is divided by 8.
5
What is the remainder when 3106 is divided by 132?
70
What is the remainder when 288 is divided by 285?
3
Calculate the remainder when 538805 is divided by 35920.
5
What is the remainder when 134118 is divided by 89?
84
Calculate the remainder when 163394 is divided by 152.
146
Calculate the remainder when 963 is divided by 29.
6
What is the remainder when 5570 is divided by 1113?
5
Calculate the remainder when 175029 is divided by 72.
69
Calculate the remainder when 412544 is divided by 720.
704
What is the remainder when 59952 is divided by 405?
12
Calculate the remainder when 9364 is divided by 382.
196
Calculate the remainder when 1832861 is divided by 44.
41
Calculate the remainder when 2702 is divided by 69.
11
Calculate the remainder when 690 is divided by 19.
6
Calculate the remainder when 138444 is divided by 17.
13
Calculate the remainder when 23649 is divided by 710.
219
What is the remainder when 2698 is divided by 136?
114
What is the remainder when 163879 is divided by 15?
4
Calculate the remainder when 9335 is divided by 59.
13
Calculate the remainder when 8805 is divided by 675.
30
What is the remainder when 23935 is divided by 4784?
15
Calculate the remainder when 11476 is divided by 39.
10
What is the remainder when 5571 is divided by 1849?
24
What is the remainder when 4165 is divided by 81?
34
Calculate the remainder when 194241 is divided by 97106.
29
Calculate the remainder when 198015 is divided by 47.
4
What is the remainder when 8726 is divided by 8684?
42
Calculate the remainder when 30417 is divided by 42.
9
Calculate the remainder when 561 is divided by 185.
6
What is the remainder when 13822 is divided by 32?
30
What is the remainder when 9572 is divided by 1608?
1532
What is the remainder when 86183 is divided by 86170?
13
What is the remainder when 247350 is divided by 337?
329
What is the remainder when 1907549 is divided by 6?
5
Calculate the remainder when 35898 is divided by 503.
185
What is the remainder when 8888 is divided by 76?
72
Calculate the remainder when 9322 is divided by 74.
72
Calculate the remainder when 171533 is divided by 1009.
3
What is the remainder when 29735 is divided by 9900?
35
Calculate the remainder when 61902 is divided by 469.
463
Calculate the remainder when 206332 is divided by 54.
52
What is the remainder when 24640 is divided by 146?
112
What is the remainder when 40200 is divided by 804?
0
What is the remainder when 14754 is divided by 1989?
831
What is the remainder when 178260 is divided by 22?
16
What is the remainder when 4567 is divided by 348?
43
What is the remainder when 232978 is divided by 12?
10
Calculate the remainder when 480212 is divided by 886.
0
What is the remainder when 5111 is divided by 48?
23
Calculate the remainder when 11610 is divided by 964.
42
What is the remainder when 18080 is divided by 13?
10
What is the remainder when 4386 is divided by 368?
338
What is the remainder when 45383 is divided by 122?
121
What is the remainder when 19812 is divided by 27?
21
Calculate the remainder when 8890 is divided by 1105.
50
What is the remainder when 1262 is divided by 1207?
55
What is the remainder when 3088 is divided by 43?
35
What is the remainder when 13720 is divided by 245?
0
What is the remainder when 23734 is divided by 4742?
24
Calculate the remainder when 57781 is divided by 57778.
3
What is the remainder when 831560 is divided by 1073?
1058
What is the remainder when 140623 is divided by 1953?
7
What is the remainder when 61916 is divided by 1066?
88
Calculate the remainder when 1585 is divided by 337.
237
Calculate the remainder when 12100 is divided by 14.
4
What is the remainder when 10402 is divided by 43?
39
What is the remainder when 10395 is divided by 113?
112
What is the remainder when 2892 is divided by 77?
43
Calculate the remainder when 2943 is divided by 198.
171
Calculate the remainder when 30313 is divided by 1234.
697
Calculate the remainder when 7878 is divided by 260.
78
What is the remainder when 213 is divided by 29?
10
What is the remainder when 469745 is divided by 93943?
30
What is the remainder when 1288537 is divided by 1017?
1015
Calculate the remainder when 1619005 is divided by 26.
11
Calculate the remainder when 2716 is divided by 58.
48
What is the remainder when 57749 is divided by 11499?
254
Calculate the remainder when 1986 is divided by 451.
182
Calculate the remainder when 79190 is divided by 4655.
55
Calculate the remainder when 4712 is divided by 1558.
38
Calculate the remainder when 25531 is divided by 239.
197
What is the remainder when 28717 is divided by 96?
13
What is the remainder when 4045 is divided by 19?
17
What is the remainder when 1956 is divided by 29?
13
What is the remainder when 79200 is divided by 1584?
0
What is the remainder when 102137 is divided by 102129?
8
Calculate the remainder when 589 is divided by 554.
35
What is the remainder when 7240 is divided by 270?
220
Calculate the remainder when 235388 is divided by 19.
16
What is the remainder when 1405 is divided by 735?
670
Calculate the remainder when 5541249 is divided by 650.
649
What is the remainder when 168233 is divided by 3115?
23
What is the remainder when 3433 is divided by 34?
33
Calculate the remainder when 449060 is divided by 54.
50
Calculate the remainder when 34527 is divided by 97.
92
What is the remainder when 785026 is divided by 4?
2
Calculate the remainder when 5021 is divided by 2229.
563
Calculate the remainder when 72287 is divided by 2889.
62
Calculate the remainder when 418175 is divided by 33.
3